-6).
8
Let y(h) = -h**3 - 5*h**2 + 5*h - 5. Let z(r) = -r**3 - 6*r**2 + 6*r - 6. Let k(d) = 6*y(d) - 5*z(d). What is k(2)?
-8
Suppose -2*r - 7 = -5*a, -5*a = -4*a - 3. Suppose z - 1 + 10 = x, 5*z + 41 = r*x. Let d(o) = o**2 - 4*o - 5. Determine d(x).
-5
Let z(m) be the third derivative of -1/120*m**6 - m**3 + 0*m + 0 - 1/12*m**4 - 1/12*m**5 + 6*m**2. Calculate z(-5).
4
Let s(c) = 6*c**2 - 2*c - 1. Let o = -14 - -16. Suppose o*x + x - 3*n + 9 = 0, 5*x - 3*n = -11. Give s(x).
7
Let m(f) = 2*f. Let j be (-4)/(-10)*10/4. What is m(j)?
2
Let m(q) = -q**2 - 5*q + 3. Suppose -8 = -13*v + 15*v. Calculate m(v).
7
Let v(y) be the third derivative of -y**5/60 + y**3/6 + y**2. Suppose 37 = m + 38. Calculate v(m).
0
Let b = -1 - 4. Let g(h) be the first derivative of -h**4/4 - 11*h**3/3 - 3*h**2/2 - 7*h + 4. Let a(i) = i**2. Let r(l) = 6*a(l) + g(l). What is r(b)?
8
Let b(k) = -9*k + 1. Let g be (-4 - 0)*11/(-4). Let s(j) = -j + 12. Let t be s(g). What is b(t)?
-8
Let u(j) = 0*j**2 + 0*j**2 + 6 - 7*j + j**2. Let p(b) be the second derivative of b**4/12 + b**2/2 + b. Let m be p(2). Give u(m).
-4
Let m(p) = -p - 4. Let l(x) = -x - 12. Let u be l(-9). Calculate m(u).
-1
Suppose g = 2*g - 3. Let o(m) = -2*m - 6. Let q(y) = -4*y - 13. Let l(p) = 5*o(p) - 2*q(p). Calculate l(g).
-10
Let i(h) = -6*h + 1. Let f(l) = 11*l - 2. Let q(y) = -3*f(y) - 5*i(y). Determine q(-2).
7
Let o(d) = 0*d**3 - d**3 + 2*d**2 + 2*d**2. Suppose -32*v + 108 = 4*v. What is o(v)?
9
Let p(n) = 14*n**3 + 26*n**2 + 26*n + 7. Let o(w) = 5*w**3 + 9*w**2 + 9*w + 2. Let b(h) = 11*o(h) - 4*p(h). Let q = 37 + -41. Give b(q).
-2
Let s(r) = -r**2 + 8*r - 5. Let y be (-32 - -2)*10/(-25). Suppose y = a + 6. Determine s(a).
7
Let v(w) = w + 11. Let y be v(-7). Let q(a) = -4*a + a**2 + 0 + 3*a**3 + 2*a**3 - 3 - y*a**3. What is q(-3)?
-9
Let a(k) = -k**3 - 4*k**2 - 3*k + 3. Let r be a(-3). Let t(q) = -q - 1. What is t(r)?
-4
Let m(f) = -3 + 7*f + 1 - 3. Let y(s) = -10*s + 7. Let g(r) = -7*m(r) - 5*y(r). Let d be (-15)/21 - 2/7. Calculate g(d).
-1
Let u(g) be the second derivative of 0 - 3/2*g**2 - 1/12*g**4 + 5/6*g**3 + 2*g. Let j(h) = 2*h - 12. Let v be j(8). What is u(v)?
1
Let h = 34 + -31. Let s(l) be the second derivative of 0 + 1/2*l**2 + 1/6*l**3 + 2*l. Calculate s(h).
4
Suppose 11 = -r + 16. Let k(w) = w**3 - 4*w**2 - 4*w - 6. What is k(r)?
-1
Let u(z) = -z**3 + 3*z**2 + 4*z + 5. Let a(n) = -9*n**2 - 2*n. Let j be a(2). Let o be (j/25)/((-2)/5). What is u(o)?
5
Let n(z) = z**2 - 2*z. Suppose 4*v - 4*h = -0*h, 4*v + 3*h = 7. Let l be (v + -2)/(6/(-30)). Suppose 0*x - 3 = -2*p - 3*x, -l*p + 4*x = -19. What is n(p)?
3
Let f(k) = k**3 + 6*k**2 + 3*k - 14. Let j be f(-5). Let g(b) be the third derivative of b**6/120 + b**5/20 - b**4/6 + b**3/3 - b**2. Give g(j).
2
Suppose i = -4 + 1. Let x(t) be the second derivative of -t**3/3 - 3*t**2/2 + 18*t. Give x(i).
3
Let g(h) = -h + 7. Suppose -f - 22 = -2*r + 3*f, 0 = 5*r + 4*f - 27. What is g(r)?
0
Suppose r - 3*r - 3*c = -51, -5*r = -5*c - 115. Suppose -2*j = -2*t - 14, j + 2*j - r = 4*t. Let q(d) = -4*d - 3*d + 1 + j*d. Determine q(-1).
4
Let c(u) = 3*u + 8. Let k(l) = 7*l + 15. Let o(d) = -9*c(d) + 4*k(d). Determine o(7).
-5
Let a(b) = -2*b**2 + 6*b. Suppose -32 = 5*n - 7*n. Suppose 21*y = n*y + 20. What is a(y)?
-8
Let n(f) = f + 1. Let t be (-42)/((-18)/4 + 3). Let h be (-1)/3 - t/6. Calculate n(h).
-4
Let u = -7/12 - -17/12. Let p(v) be the second derivative of 0 - 3/2*v**2 + 2*v - u*v**3. Determine p(-2).
7
Let p(i) be the second derivative of -i**3/3 - i**2/2 - i. Let l(t) = -t**2 + 6*t - 5. Let b be l(4). Suppose u - 5 + b = 0. What is p(u)?
-5
Let o(h) = -32*h**2 - 3 + 5*h - 39*h**2 + 70*h**2. What is o(6)?
-9
Suppose s + 4*g = -16, -2*s + 4 - 15 = g. Let p(a) = a + 6. What is p(s)?
2
Let q(d) = -d**2 + d**3 - 11*d**3 + 7*d**3. Calculate q(-1).
2
Let i be (-7)/(-4) + 2/8. Suppose 1 + 4 = q. Let w(m) = 11*m**3 + m - 5*m**3 - m**2 - 2 - q*m**3. Determine w(i).
4
Let f(g) = g**3 + 6*g**2 - g - 6. Let q = 6 - -28. Suppose -3*p - 32 = 3*v - 11, 4*v = -5*p - q. Calculate f(p).
0
Let l(a) = -a**3 + 4*a**2 - 2*a. Suppose 0 = -5*z + 4*z + 2. Suppose 0 = -5*s - 5*v + 25, -z*v + 2 = -4. Determine l(s).
4
Let k(v) = 13*v**2 + 4*v. Let i(q) = q**2 + q. Let p(h) = 4*i(h) - k(h). Let m = -3 + 4. What is p(m)?
-9
Suppose -8*b + 5 - 13 = 0. Let j(y) = 22*y**3 - 1. Give j(b).
-23
Let c(o) = 4*o - 1. Suppose 3*t - 38 + 3 = -5*b, 5*t + 3*b - 69 = 0. Let d = t - 16. What is c(d)?
-5
Let n(f) be the first derivative of f**2/2 - 7*f - 8. Calculate n(0).
-7
Let b(y) = -2*y**3 - 7*y**2 - 2*y - 3. Let k(o) = -3*o**3 - 13*o**2 - 5*o - 6. Let f(d) = -5*b(d) + 3*k(d). Calculate f(5).
-3
Let m be -9*((-4)/6)/2. Suppose -x + m = -1. Let j(u) be the third derivative of -u**4/12 + u**3/6 - 2*u**2. Give j(x).
-7
Let n = -1/108 - -37/108. Let z(b) be the first derivative of n*b**3 - b - 1 - 5/2*b**2. Determine z(5).
-1
Let k(b) be the first derivative of 9*b**4/4 + b - 12. Calculate k(-1).
-8
Let q(i) = 1 + 7*i + 1 - 6 - 8*i. What is q(-5)?
1
Suppose -2 = -4*b + 6. Let z(s) = b*s + s**2 - 28 + 28. Calculate z(-3).
3
Let h(u) = -u - 19. Let x be (-2)/3 - 138/(-18). Let q(b) = -b - 28. Let m(w) = x*h(w) - 5*q(w). Suppose 5*y - 26 = n, -4*y + 44 = 4*n + n. Determine m(y).
-5
Let g(p) = 7*p**3 + 11*p**2 - 3*p + 13. Let z(f) = -4*f**3 - 6*f**2 + f - 7. Let l(c) = 3*g(c) + 5*z(c). Calculate l(-4).
4
Let g(j) = j**2 + 5*j. Suppose -13 = n - 2. Let z = 31 - 24. Let t = z + n. What is g(t)?
-4
Let p(j) = 2*j**2 + 1. Let m be 5 - 6 - (-1 - -1). What is p(m)?
3
Let y(q) be the third derivative of -q**4/24 + q**3/6 + q**2 - 3*q. What is y(4)?
-3
Let z(s) = -7*s**3 - 5*s**2 + 5*s + 4. Let p(x) = -15*x**3 - 10*x**2 + 10*x + 9. Let a(m) = 6*p(m) - 13*z(m). Determine a(-6).
-4
Suppose -q + 13 = -c - 4*q, -3*c - 27 = 5*q. Let p(n) = -n**3 - 3*n**2 + 2*n - 3. Give p(c).
5
Let w(f) = -7*f**2 + 17*f - 4. Let b(u) = 4*u**2 - 9*u + 2. Let l(p) = 5*b(p) + 3*w(p). Suppose -3*c = -x - 10, -c - 5*x = -5*c - 5. Calculate l(c).
3
Let a(o) = 2*o**2 - 4*o - 7. Let i(s) = 1. Let k(m) = -a(m) - 4*i(m). What is k(-2)?
-13
Let g(i) be the first derivative of i**3/3 - 2*i**2 - 7*i + 1. Suppose -4*o + 5*u = 2*u, -4 = -u. Let x = o + 2. Determine g(x).
-2
Let x(t) = -t**2 + 5*t + 9. Let d(o) = 2*o**2 - 10*o - 19. Let v(h) = -2*d(h) - 5*x(h). Calculate v(6).
-1
Let s(l) = -4*l + 6. Let f(n) = 7*n - 11. Let z(q) = 3*f(q) + 5*s(q). Determine z(-3).
-6
Let n = -52 - -53. Let k(m) = -14*m + 1. Calculate k(n).
-13
Let u(b) = 6*b + 27. Let f be u(-5). Let i(k) = -8*k - 3. Calculate i(f).
21
Let z(i) be the first derivative of -1/2*i**2 + 4 + 6*i. Determine z(6).
0
Let f(h) = h**3 - 5*h**2 - 5. Let k be f(5). Let a = k + 10. Let c(q) = q + 1. What is c(a)?
6
Let a(i) be the third derivative of 7*i**5/60 + i**4/24 - i**2. Let c(l) = -l + 1. Let j be c(2). What is a(j)?
6
Let f(m) be the first derivative of -3 - 1/60*m**5 + 0*m + 0*m**2 - 2/3*m**3 + 5/24*m**4. Let s(h) be the third derivative of f(h). Determine s(5).
-5
Suppose -2*r = -1 - 3. Let f(h) be the second derivative of -1/12*h**4 - h + 1/6*h**3 + 0 + 1/2*h**2. Give f(r).
-1
Let y(j) = j**3 + 3*j**2 - 3. Let k be y(-3). Let i(q) be the second derivative of -q**4/12 - 2*q**3/3 - 3*q**2/2 + 22*q. Give i(k).
0
Suppose -2*k + 4 = -4*d, 3*k - 3*d + 2 = -1. Let b be (-2)/(0 + 2/k). Let j(r) = 1 + b*r + 0 - r**2 - 5. What is j(3)?
-1
Let s = -38 + 57. Let c = s - 20. Let g(y) = 5*y**2 - y**2 - 2*y + y - 1. What is g(c)?
4
Let x(l) = 2*l**3 + 3*l**2 - 3*l + 3. Let b(h) = -h**3 + h**2. Let s(p) = -3*b(p) - x(p). Determine s(6).
15
Suppose -3*q - 18 = -3, -4*q = 3*t - 7. Let d(j) = j - 2. Let n be d(t). Suppose 0 = -3*x + 2 + n. Let u(g) = g**2 - 2*g. Calculate u(x).
3
Suppose 0 = 4*t + 5*m + 8 - 35, -t - m = -6. Let x be (7 - 4)*(-4)/t. Let o(i) = -2*i + 6 + 5*i + i**2 + 4*i. Determine o(x).
-6
Let l(u) = -u - 4. Suppose z + 4*z - 4*k - 48 = 0, -4*z - k + 30 = 0. Suppose 0 = -5*g - 3*o - 12, z = -2*o - 0*o. What is l(g)?
-4
Let g(a) = -2*a + 3. Let f(d) = -d**2 - 10*d - 5. Suppose 4*j = 3*k + 11, -2*k + 4*j - 1 = 1. Let o be f(k). Calculate g(o).
-5
Let x(y) = 6*y**2 + y. Suppose -5*r = o - 5, -2 = 3*r - o + 3. Suppose -f = 3*q - 17, 4*f - f - 15 = r. Let v be (-1)/q - (-